{"id":103,"date":"2015-12-20T17:01:10","date_gmt":"2015-12-20T22:01:10","guid":{"rendered":"http:\/\/martee.hu\/blog\/?page_id=103"},"modified":"2015-12-29T15:47:00","modified_gmt":"2015-12-29T20:47:00","slug":"rolunk","status":"publish","type":"page","link":"https:\/\/martee.hu\/blog\/rolunk\/","title":{"rendered":"R\u00f3lunk"},"content":{"rendered":"<p style=\"text-align: justify;\">Egy olyan <strong><span style=\"color: #003366;\">h\u00e1rom gyerekes h\u00e1zasp\u00e1r<\/span><\/strong> vagyunk, aki eddig p\u00e1r napn\u00e1l hosszabb id\u0151re nem hagyta el sz\u00fcl\u0151haz\u00e1j\u00e1t.<br \/>\nN\u00e9ha viszont \u00e9rezt\u00fck \u00fagy, hogy egy kis v\u00e1ltoz\u00e1s igenis feldobhatn\u00e1 az \u00e9let\u00fcnket \u00e9s sz\u00edvesen kipr\u00f3b\u00e1ln\u00e1nk magunkat \u00faj k\u00f6r\u00fclm\u00e9nyek k\u00f6z\u00f6tt is. <strong><span style=\"color: #003366;\">Angol<\/span><span style=\"color: #003366;\">ul<\/span><\/strong> mind a ketten besz\u00e9l\u00fcnk, \u00e9n <strong><span style=\"color: #003366;\">franci\u00e1ul<\/span><\/strong> is. \u00cdgy nyelvi akad\u00e1lya nem lenne a dolognak.<\/p>\n<p style=\"text-align: justify;\">H\u00e1rom gyerekkel az ember azonban nem indul csak \u00fagy neki a vakvil\u00e1gnak, ez\u00e9rt mikor 2014 elej\u00e9n felmer\u00fclt f\u00e9rjem munkahely\u00e9n az a k\u00e9rd\u00e9s, hogy \u00e9rdekeln\u00e9-e <strong><span style=\"color: #003366;\">k\u00fclf\u00f6ldi munkav\u00e1llal\u00e1s<\/span><\/strong> ugyanann\u00e1l az anyav\u00e1llalatn\u00e1l \u00fagy, hogy seg\u00edtenek a kik\u00f6lt\u00f6z\u00e9sben \u00e9s egy h\u00f3napig a lakhat\u00e1st is megoldan\u00e1k sz\u00e1munkra ott, \u00fagy \u00e9rezt\u00fck, hogy enn\u00e9l biztosabb m\u00f3dja nem lehet egy csal\u00e1d sz\u00e1m\u00e1ra a vil\u00e1gl\u00e1t\u00e1snak.<br \/>\nK\u00e9t v\u00e1rost aj\u00e1nlottak fel: Sanghait \u00e9s <strong><span style=\"color: #003366;\">Montre\u00e1l<\/span><\/strong>t. Mi ezt az ut\u00f3bbit v\u00e1lasztottuk&#8230; \u00e9s nem b\u00e1ntuk meg!!!<br \/>\nHosszas el\u0151k\u00e9sz\u00fcletek ut\u00e1n \u00e9rkezt\u00fcnk meg 2014. j\u00falius elej\u00e9n a Montr\u00e9al-Pierre-Elliott-Trudeau rep\u00fcl\u0151t\u00e9rre.<\/p>\n<p style=\"text-align: justify;\">A beilleszked\u00e9s a v\u00e1rtn\u00e1l sokkal jobban siker\u00fclt \u2013 mind nek\u00fcnk, mind a gyerekeknek, \u00e9s \u00edgy lassan m\u00e1sf\u00e9l \u00e9v eltelte ut\u00e1n \u00fagy \u00e9rezz\u00fck, hogy a mostani mindennapi \u00e9let\u00fcnk\u00f6n kereszt\u00fcl <strong><span style=\"color: #003366;\">megosztjuk<\/span><\/strong> azokkal a tapasztalatainkat, akik esetleg gondolkodtak azon, hogy Montre\u00e1lba l\u00e1togatnak, vagy csak esetleg \u00fagy gondolj\u00e1k, sz\u00edvesen olvasn\u00e1nak arr\u00f3l, hogy milyen is egy h\u00e1rom gyermekes magyar csal\u00e1d \u00e9lete ebben a <strong><span style=\"color: #003366;\">kanadai-qu\u00e9beci<\/span><\/strong> nagyv\u00e1rosban.<\/p>\n<p style=\"text-align: justify;\">\n<p style=\"text-align: justify;\"><img loading=\"lazy\" decoding=\"async\" class=\"alignright size-large wp-image-217\" src=\"http:\/\/martee.hu\/blog\/wp-content\/uploads\/2015\/12\/atlasz-1024x749.jpg\" alt=\"atlasz\" width=\"870\" height=\"636\" srcset=\"https:\/\/martee.hu\/blog\/wp-content\/uploads\/2015\/12\/atlasz-1024x749.jpg 1024w, https:\/\/martee.hu\/blog\/wp-content\/uploads\/2015\/12\/atlasz-300x219.jpg 300w, https:\/\/martee.hu\/blog\/wp-content\/uploads\/2015\/12\/atlasz-768x562.jpg 768w, https:\/\/martee.hu\/blog\/wp-content\/uploads\/2015\/12\/atlasz.jpg 1280w\" sizes=\"auto, (max-width: 870px) 100vw, 870px\" \/><\/p>\n<p>&nbsp;<\/p>\n","protected":false},"excerpt":{"rendered":"<p>Egy olyan h\u00e1rom gyerekes h\u00e1zasp\u00e1r vagyunk, aki eddig p\u00e1r napn\u00e1l hosszabb id\u0151re nem hagyta el sz\u00fcl\u0151haz\u00e1j\u00e1t. N\u00e9ha viszont \u00e9rezt\u00fck \u00fagy,<\/p>\n<p class=\"readmore\"><a href=\"https:\/\/martee.hu\/blog\/rolunk\/\" title=\"Read R\u00f3lunk\">Read more &raquo;<\/a><\/p>\n","protected":false},"author":1,"featured_media":0,"parent":0,"menu_order":0,"comment_status":"closed","ping_status":"closed","template":"","meta":{"_exactmetrics_skip_tracking":false,"_exactmetrics_sitenote_active":false,"_exactmetrics_sitenote_note":"","_exactmetrics_sitenote_category":0,"footnotes":""},"class_list":["post-103","page","type-page","status-publish","hentry"],"_links":{"self":[{"href":"https:\/\/martee.hu\/blog\/wp-json\/wp\/v2\/pages\/103","targetHints":{"allow":["GET"]}}],"collection":[{"href":"https:\/\/martee.hu\/blog\/wp-json\/wp\/v2\/pages"}],"about":[{"href":"https:\/\/martee.hu\/blog\/wp-json\/wp\/v2\/types\/page"}],"author":[{"embeddable":true,"href":"https:\/\/martee.hu\/blog\/wp-json\/wp\/v2\/users\/1"}],"replies":[{"embeddable":true,"href":"https:\/\/martee.hu\/blog\/wp-json\/wp\/v2\/comments?post=103"}],"version-history":[{"count":6,"href":"https:\/\/martee.hu\/blog\/wp-json\/wp\/v2\/pages\/103\/revisions"}],"predecessor-version":[{"id":218,"href":"https:\/\/martee.hu\/blog\/wp-json\/wp\/v2\/pages\/103\/revisions\/218"}],"wp:attachment":[{"href":"https:\/\/martee.hu\/blog\/wp-json\/wp\/v2\/media?parent=103"}],"curies":[{"name":"wp","href":"https:\/\/api.w.org\/{rel}","templated":true}]}}